2641 = 0. What is the hundreds digit of w?
3
Let r(s) = s**3 - 12*s**2 + 9*s + 27. Let x be r(11). Suppose 0 = x*k - 4*k - 168. What is the hundreds digit of k?
1
Let o(x) = 2*x**2 + 29*x - 293. What is the hundreds digit of o(-47)?
7
Suppose -2*r = 4*b + 60, -3*r + 0*b = 2*b + 106. Let w = r - -23. Let l = -10 - w. What is the units digit of l?
5
Let t = -17 + 31. Suppose -9*v = -11*v + t. What is the units digit of v?
7
Suppose -1 = d, -3*m - 18323 = -8*m - 2*d. What is the thousands digit of m?
3
Let k(j) = -2*j + 0 + j + 8 - 4. Let m be k(0). Suppose 8*y = m*y + 40. What is the tens digit of y?
1
Let x(w) = -w**3 + 14*w**2 + 4*w - 51. Let h be x(14). Suppose -h*g + 4*i - 697 + 2324 = 0, 4*g - 2*i = 1298. What is the hundreds digit of g?
3
Let o(c) = -23*c - 16. Let h = -29 + 24. Let s be o(h). Let m = s + -36. What is the tens digit of m?
6
Suppose -15*c + 12*c - 258 = 0. Let d = -80 - c. What is the units digit of d?
6
Let h = 1267 - -263. What is the thousands digit of h?
1
Suppose 42*k = 9938 + 7240. What is the hundreds digit of k?
4
Let p(m) = -m + 1. Let o be p(7). Let n(i) = 5 - i + 5 - 2. What is the units digit of n(o)?
4
Suppose -2*w + 15 = w - 2*m, 0 = 2*m. Suppose 1065 = w*j - n, 0 = -5*j + 8*j - 5*n - 661. What is the hundreds digit of j?
2
Let z be (103/(-1))/(((-9)/(-1))/(-9)). Let b = z + -87. What is the units digit of b?
6
Suppose -11*o + 6*o + 630 = 0. Suppose 4*n + 31 = q, 5*n = 3*q - 2 - o. What is the tens digit of q?
5
Let x be (-1)/(-1) - (16 - 645). Suppose -x = -37*k + 32*k. What is the tens digit of k?
2
Let z = 6 + 2. Suppose -2*o = 4*l - 8, -z = 2*l - 4*o - 32. Suppose -l*g + 8 = -36. What is the units digit of g?
1
Suppose 0 = 2*n + 5*v - 3, 0 = -n - 2*n + v - 4. Let w = 24 + n. Suppose w + 19 = 3*g. What is the units digit of g?
4
Let s(g) = 2*g - 1. Let w be s(-6). Let n(h) = h + 17. Let k be n(w). Suppose k*v + 7 - 31 = 0. What is the units digit of v?
6
Let m(s) = 3*s**3 + 4*s**2 - 6*s + 2. What is the tens digit of m(2)?
3
Let u(y) = -10*y + y + 3*y - 2*y**2 - y. What is the units digit of u(-3)?
3
Let s be 5/(1*1/2). Let q(u) = -7*u + 40 - 43 + 11*u**2 - 2*u**3 + u**3. What is the units digit of q(s)?
7
Suppose -4*a - 45 = -13. Let c = a - -67. What is the units digit of c?
9
Suppose 0*f - 5*f + 10 = 0. Let t be 1*f + -15 + 7. What is the tens digit of ((-162)/45)/(t/40)?
2
Suppose -8*a - 28 = -6*a. Let o = 58 + a. What is the units digit of o?
4
Suppose y - 454 + 472 = 0. Let b be ((-162)/(-4))/((-2)/(-4)). Let w = b + y. What is the units digit of w?
3
Suppose -2*n + 0*m - 2*m + 594 = 0, -4*n = -2*m - 1188. Suppose 5*x - n = f, 4*x - 3*f = 226 + 5. What is the units digit of x?
0
Let d be 1 + -1*4 - -24. Suppose 8*t - 30 = 5*t. Let h = t + d. What is the units digit of h?
1
Let u = 11 - 3. Suppose -2*f + u + 90 = 0. What is the tens digit of f?
4
Suppose u - 1284 = -5*n, n - 4*u - 260 = -5*u. Suppose 43*j + 2*t - 98 = 39*j, 5*t + 8 = j. Suppose 19*o = j*o - n. What is the tens digit of o?
6
Suppose -1 + 6 = g. Suppose -42 = -4*s + g*v, 4*s - 3*v = -v + 36. Suppose 4*a = 56 + s. What is the units digit of a?
6
Suppose 3*w - 1435 = 5*c, -5*w - c = -785 - 1616. What is the hundreds digit of w?
4
Let r(v) = -v + 13. Let z be r(8). Suppose -2*p + 31 = n + p, -z*n + 144 = 4*p. What is the units digit of n?
8
Let i(s) = s**3 + s**2 - 3*s - 5. Let n be (-30)/9*(-12)/10. What is the tens digit of i(n)?
6
Suppose -4*p - p = -5. Suppose -2 - p = 3*m, -5*m - 17 = -2*b. Suppose -4*z + b + 14 = 0. What is the units digit of z?
5
What is the tens digit of (-50286)/(-20) + 2364/120 + -20?
1
Let z = 149 - -574. What is the tens digit of z?
2
Suppose 0 = 2*i + 5*j - 97, -2*i + 3*j = -0*i - 137. Suppose -i + 535 = 6*b. Suppose 5*d - b = -3*o, 2*o + 9*d = 5*d + 56. What is the tens digit of o?
1
Let a be (4/10)/(4 + (-59)/15). Suppose -a*u = -25 - 11. What is the units digit of u?
6
Suppose 11*p - 8*p = 6, -2*t - 3*p = -2342. What is the thousands digit of t?
1
Let f(s) = -2*s**3 - 40*s**2 - s - 7. What is the hundreds digit of f(-21)?
8
Let r(n) be the third derivative of 7*n**4/12 - 5*n**3/3 + 2*n**2. Let m be r(-7). What is the tens digit of (-6)/9*m/4?
1
Let c = 638 + 154. What is the tens digit of c?
9
What is the tens digit of (-67981)/(-15) + 7/(-105)?
3
Suppose 10*d - 12*d = -6. Suppose -5*a + 15 = -5*s, -d*a = -5*a + 5*s. Suppose -a*j + 76 = -84. What is the tens digit of j?
3
What is the hundreds digit of 1/(-5 - 18405/(-3680))?
7
Let u = -200 + 97. Let v = -23 - u. What is the units digit of v?
0
Suppose -2670 = -3*v - 3*c, 2*v = -5*c + 127 + 1668. What is the hundreds digit of v?
8
Let c = -33 + 40. Suppose -17*f + 1470 = -c*f. What is the units digit of f?
7
Let r = -55 - -56. What is the tens digit of r + 3*-122*2/(-12)?
6
Suppose 24*j - 23*j = -291. Let q = -107 - j. What is the tens digit of q?
8
Let v(p) = p**2 - p + 2. Let m be v(-2). Suppose -4*d = -0*d - m. What is the units digit of 0/2 + 32/d?
6
Let f(m) be the second derivative of 0*m**3 + 4*m + 1/12*m**4 - 1/2*m**5 + 0 - 1/2*m**2. What is the tens digit of f(-1)?
1
Let b be (27/6 - 3)*4. Suppose -102 = 4*r + b. What is the units digit of r/(3/(-5 - -2))?
7
Suppose -6*u = -3*m - u + 1450, -4*u - 968 = -2*m. What is the hundreds digit of m?
4
Let l(i) be the first derivative of i**3/3 - 2*i**2 - 2*i + 10. What is the units digit of l(8)?
0
Let r be ((-119)/35)/((-1)/5). What is the units digit of -2 - (-6)/(-8)*(-1020)/r?
3
Suppose 0 = 3*h + 2*v - 12, -5*v - 16 = -h - 3*h. Let c(y) = 3*y**3 - 5*y**2 + 4*y. What is the tens digit of c(h)?
2
Suppose -21*c = -19*c - 352. Let k = c + 68. What is the units digit of k?
4
Suppose -5*z + 108*n - 107*n + 15980 = 0, -3*n = 0. What is the thousands digit of z?
3
Let o(p) = 7*p**2 - 4. Let m be 65/15 + 1/(-3). Suppose 4*w - 2*w - m = 0. What is the tens digit of o(w)?
2
Suppose -14 = -5*q + 11. Suppose 3*w = 5*r - 4 - 1, 0 = -5*w + q*r + 5. What is the units digit of w?
5
What is the tens digit of 13/(65/1245)*(-60)/(-9)?
6
Suppose 0 = -0*u + u + 4. Let d be -2*2/u*1. Let y = 8 + d. What is the units digit of y?
9
Let b be ((-24)/36)/((-4)/18). Suppose -16 = -3*y + j, -b*y + 2*y + 12 = j. Suppose y*p - 136 = 3*p. What is the tens digit of p?
3
Suppose 155 = 5*c - 20. Let i = 7 + -15. What is the units digit of (i/20)/(-1)*c?
4
Let j be 12/(-78) - (-108)/26. Suppose -2*b - 3*z + 307 = 0, -2*b = -j*b + 5*z + 283. What is the tens digit of b?
4
Let d(v) = v**3 + 4*v**2 - 4*v + 7. Let g be d(-5). Let z be 21*(21/(-9) + g). Let s = 0 - z. What is the units digit of s?
7
Let m be 0 - 5/((-10)/8). Suppose 2*t - 2 - m = 0. Suppose -3*o - t*y + 119 = y, 5*o = -y + 187. What is the units digit of o?
7
Let z = -6580 - -10237. What is the units digit of z?
7
Let d(m) = m**3 - 31*m**2 - 31*m - 12. What is the units digit of d(32)?
0
Let y(m) = 3*m**2 + 18*m - 13. Suppose -z - 48 = 5*f, -4*f + 0*z - 24 = -4*z. What is the units digit of y(f)?
8
Suppose x + 2*i + 24 = -i, -i - 78 = 5*x. What is the units digit of (52/(-6))/(10/x)?
3
Suppose 0 = 4*w - 5*k - 2534, -5*w + 3190 = 17*k - 12*k. What is the tens digit of w?
3
Let t(d) = d**3 + 14*d**2 + 12*d + 9. Let f be t(-13). Suppose -f = 2*h - 90. What is the tens digit of h?
3
Let i(s) = 2*s - 6. Let b be i(4). What is the units digit of 60/b*4 - 1?
9
Let c be 2/4 - (-81)/(-6). Let f = c + 16. What is the units digit of f?
3
Let s = 63 - 28. What is the units digit of (s/(-10))/(2*4/(-192))?
4
Let z be (452/(-12))/(3/(-9)). Let r = z + -31. What is the units digit of r?
2
Let c(u) = -u**3 + 6*u**2 - 7*u + 3. Let b be c(4). Suppose 5*g - b*g + 182 = 0. What is the units digit of g?
1
Suppose -192 + 37 = -h. What is the hundreds digit of h?
1
Let s be -3 + -29 + (-4)/1. Let o = s + -1. Let q = -18 - o. What is the tens digit of q?
1
Suppose f + 83 = -0*f - 5*d, 311 = -4*f + d. Let n = -6 - f. What is the tens digit of n?
7
Suppose -12*u = -46*u + 26078. What is the hundreds digit of u?
7
What is the hundreds digit of 3/2 + (-15)/2 + 838?
8
Suppose 0 = 3*i + p - 8246, 5*i - 6*i = 4*p - 2756. What is the units digit of i?
8
Suppose -9*u = -3*k - 5*u + 2161, 5*u - 2902 = -4*k. What is the hundreds digit of k?
7
What is the hundreds digit of (-2488)/(-6) + 16/12?
4
Suppose -4*i 